{"id":240,"date":"2022-07-24T23:10:31","date_gmt":"2022-07-25T02:10:31","guid":{"rendered":"https:\/\/www.adex.com.br\/site\/?page_id=240"},"modified":"2025-08-26T10:32:19","modified_gmt":"2025-08-26T13:32:19","slug":"representantes","status":"publish","type":"page","link":"https:\/\/www.adex.com.br\/site\/representantes\/","title":{"rendered":"representantes"},"content":{"rendered":"\t\t<div data-elementor-type=\"wp-page\" data-elementor-id=\"240\" class=\"elementor elementor-240\">\n\t\t\t\t\t\t\t<div class=\"elementor-element elementor-element-bb818f5 e-container--row e-container\" data-id=\"bb818f5\" data-element_type=\"container\" data-settings=\"{&quot;background_background&quot;:&quot;classic&quot;}\">\t\t<\/div><div class=\"elementor-element elementor-element-5f3c9e6 e-container--row e-container\" data-id=\"5f3c9e6\" data-element_type=\"container\">\t\t<div class=\"elementor-element elementor-element-f98b8f3 e-container--column e-container\" data-id=\"f98b8f3\" data-element_type=\"container\">\t\t\t\t<div class=\"elementor-element elementor-element-fbf2574 elementor-widget elementor-widget-heading\" data-id=\"fbf2574\" data-element_type=\"widget\" data-widget_type=\"heading.default\">\n\t\t\t\t<div class=\"elementor-widget-container\">\n\t\t\t<style>\/*! elementor - v3.7.1 - 14-08-2022 *\/\n.elementor-heading-title{padding:0;margin:0;line-height:1}.elementor-widget-heading .elementor-heading-title[class*=elementor-size-]>a{color:inherit;font-size:inherit;line-height:inherit}.elementor-widget-heading .elementor-heading-title.elementor-size-small{font-size:15px}.elementor-widget-heading .elementor-heading-title.elementor-size-medium{font-size:19px}.elementor-widget-heading .elementor-heading-title.elementor-size-large{font-size:29px}.elementor-widget-heading .elementor-heading-title.elementor-size-xl{font-size:39px}.elementor-widget-heading .elementor-heading-title.elementor-size-xxl{font-size:59px}<\/style><h2 class=\"elementor-heading-title elementor-size-default\">FALE COM UM <br>REPRESENTANTE<\/h2>\t\t<\/div>\n\t\t\t\t<\/div>\n\t\t\t\t<div class=\"elementor-element elementor-element-da5b855 elementor-widget elementor-widget-image\" data-id=\"da5b855\" data-element_type=\"widget\" data-widget_type=\"image.default\">\n\t\t\t\t<div class=\"elementor-widget-container\">\n\t\t\t<style>\/*! elementor - v3.7.1 - 14-08-2022 *\/\n.elementor-widget-image{text-align:center}.elementor-widget-image a{display:inline-block}.elementor-widget-image a img[src$=\".svg\"]{width:48px}.elementor-widget-image img{vertical-align:middle;display:inline-block}<\/style>\t\t\t\t\t\t\t\t\t\t\t\t<img loading=\"lazy\" decoding=\"async\" width=\"49\" height=\"3\" src=\"https:\/\/www.adex.com.br\/site\/wp-content\/uploads\/2022\/07\/traco-laranja.jpg\" class=\"attachment-large size-large\" alt=\"\" style=\"width:100%;height:6.12%;max-width:49px\" \/>\t\t\t\t\t\t\t\t\t\t\t\t\t\t\t<\/div>\n\t\t\t\t<\/div>\n\t\t\t\t<div class=\"elementor-element elementor-element-c11d782 elementor-widget elementor-widget-text-editor\" data-id=\"c11d782\" data-element_type=\"widget\" data-widget_type=\"text-editor.default\">\n\t\t\t\t<div class=\"elementor-widget-container\">\n\t\t\t<style>\/*! elementor - v3.7.1 - 14-08-2022 *\/\n.elementor-widget-text-editor.elementor-drop-cap-view-stacked .elementor-drop-cap{background-color:#818a91;color:#fff}.elementor-widget-text-editor.elementor-drop-cap-view-framed .elementor-drop-cap{color:#818a91;border:3px solid;background-color:transparent}.elementor-widget-text-editor:not(.elementor-drop-cap-view-default) .elementor-drop-cap{margin-top:8px}.elementor-widget-text-editor:not(.elementor-drop-cap-view-default) .elementor-drop-cap-letter{width:1em;height:1em}.elementor-widget-text-editor .elementor-drop-cap{float:left;text-align:center;line-height:1;font-size:50px}.elementor-widget-text-editor .elementor-drop-cap-letter{display:inline-block}<\/style>\t\t\t\t<p>Nossa equipe de representantes est\u00e1 sempre a disposi\u00e7\u00e3o para atender sua empresa e oferecer solu\u00e7\u00f5es inovadoras para o seu neg\u00f3cio.<\/p>\t\t\t\t\t\t<\/div>\n\t\t\t\t<\/div>\n\t\t<\/div><div class=\"elementor-element elementor-element-fd3128c e-container--column e-container\" data-id=\"fd3128c\" data-element_type=\"container\">\t\t\t\t<div class=\"elementor-element elementor-element-1fadbfd elementor-widget elementor-widget-toggle\" data-id=\"1fadbfd\" data-element_type=\"widget\" data-widget_type=\"toggle.default\">\n\t\t\t\t<div class=\"elementor-widget-container\">\n\t\t\t<style>\/*! elementor - v3.7.1 - 14-08-2022 *\/\n.elementor-toggle{text-align:left}.elementor-toggle .elementor-tab-title{font-weight:700;line-height:1;margin:0;padding:15px;border-bottom:1px solid #d4d4d4;cursor:pointer;outline:none}.elementor-toggle .elementor-tab-title .elementor-toggle-icon{display:inline-block;width:1em}.elementor-toggle .elementor-tab-title .elementor-toggle-icon svg{-webkit-margin-start:-5px;margin-inline-start:-5px;width:1em;height:1em}.elementor-toggle .elementor-tab-title .elementor-toggle-icon.elementor-toggle-icon-right{float:right;text-align:right}.elementor-toggle .elementor-tab-title .elementor-toggle-icon.elementor-toggle-icon-left{float:left;text-align:left}.elementor-toggle .elementor-tab-title .elementor-toggle-icon .elementor-toggle-icon-closed{display:block}.elementor-toggle .elementor-tab-title .elementor-toggle-icon .elementor-toggle-icon-opened{display:none}.elementor-toggle .elementor-tab-title.elementor-active{border-bottom:none}.elementor-toggle .elementor-tab-title.elementor-active .elementor-toggle-icon-closed{display:none}.elementor-toggle .elementor-tab-title.elementor-active .elementor-toggle-icon-opened{display:block}.elementor-toggle .elementor-tab-content{padding:15px;border-bottom:1px solid #d4d4d4;display:none}@media (max-width:767px){.elementor-toggle .elementor-tab-title{padding:12px}.elementor-toggle .elementor-tab-content{padding:12px 10px}}.e-container>.elementor-widget-toggle{width:var(--container-widget-width,100%)}<\/style>\t\t<div class=\"elementor-toggle\" role=\"tablist\">\n\t\t\t\t\t\t\t<div class=\"elementor-toggle-item\">\n\t\t\t\t\t<div id=\"elementor-tab-title-3321\" class=\"elementor-tab-title\" data-tab=\"1\" role=\"tab\" aria-controls=\"elementor-tab-content-3321\" aria-expanded=\"false\">\n\t\t\t\t\t\t\t\t\t\t\t\t<span class=\"elementor-toggle-icon elementor-toggle-icon-left\" aria-hidden=\"true\">\n\t\t\t\t\t\t\t\t\t\t\t\t\t\t\t<span class=\"elementor-toggle-icon-closed\"><i class=\"fas fa-caret-right\"><\/i><\/span>\n\t\t\t\t\t\t\t\t<span class=\"elementor-toggle-icon-opened\"><i class=\"elementor-toggle-icon-opened fas fa-caret-up\"><\/i><\/span>\n\t\t\t\t\t\t\t\t\t\t\t\t\t<\/span>\n\t\t\t\t\t\t\t\t\t\t\t\t<a href=\"\" class=\"elementor-toggle-title\">Paran\u00e1<\/a>\n\t\t\t\t\t<\/div>\n\n\t\t\t\t\t<div id=\"elementor-tab-content-3321\" class=\"elementor-tab-content elementor-clearfix\" data-tab=\"1\" role=\"tabpanel\" aria-labelledby=\"elementor-tab-title-3321\"><p>ARAPONGAS \/ SAB\u00c1UDIA<br \/>Rog\u00e9rio Laguna<br \/>(43) 9 9919-0084<br \/>rogeriolaguna@onda.com.br<br \/><br \/><\/p><p>NORTE E NOROESTE DO PARAN\u00c1<br \/>Fernando Pauluk<br \/>(43) 9 9110-7770<br \/>fernando.adex@hotmail.com<br \/><br \/><\/p><p>NORTE E NORTE VELHO DO PARAN\u00c1<br \/>Leandro Reche<br \/>(43) 9 9128-9899<br \/>leandro-adex@hotmail.com<\/p><\/div>\n\t\t\t\t<\/div>\n\t\t\t\t\t\t\t<div class=\"elementor-toggle-item\">\n\t\t\t\t\t<div id=\"elementor-tab-title-3322\" class=\"elementor-tab-title\" data-tab=\"2\" role=\"tab\" aria-controls=\"elementor-tab-content-3322\" aria-expanded=\"false\">\n\t\t\t\t\t\t\t\t\t\t\t\t<span class=\"elementor-toggle-icon elementor-toggle-icon-left\" aria-hidden=\"true\">\n\t\t\t\t\t\t\t\t\t\t\t\t\t\t\t<span class=\"elementor-toggle-icon-closed\"><i class=\"fas fa-caret-right\"><\/i><\/span>\n\t\t\t\t\t\t\t\t<span class=\"elementor-toggle-icon-opened\"><i class=\"elementor-toggle-icon-opened fas fa-caret-up\"><\/i><\/span>\n\t\t\t\t\t\t\t\t\t\t\t\t\t<\/span>\n\t\t\t\t\t\t\t\t\t\t\t\t<a href=\"\" class=\"elementor-toggle-title\">S\u00e3o Paulo<\/a>\n\t\t\t\t\t<\/div>\n\n\t\t\t\t\t<div id=\"elementor-tab-content-3322\" class=\"elementor-tab-content elementor-clearfix\" data-tab=\"2\" role=\"tabpanel\" aria-labelledby=\"elementor-tab-title-3322\">MIRASSOL<br>\nThiago Fernandes<br>\n(43) 9 9161-7976<br>\nthiagofernandes.adex@outlook.com<br><br>\n\n(REGI\u00c3O DE PRESIDENTE PRUDENTE)<br>\nAUTO SOROCABANA PAULISTA<br>\nLeandro Reche<br>\n(43) 9 9128-9899<br>\nleandro-adex@hotmail.com<br><br>\n\nREGI\u00c3O DE S\u00c3O JOS\u00c9 DO RIO PRETO<br>\nThiago Fernandes<br>\n(43) 9 9161-7976<br>\nthiagofernandes.adex@outlook.com<br><br>\n\nREGI\u00c3O DE VOTUPORANGA<br>\nMarcos Ferro<br>\n(17) 9 9171-7248<br>\nmarcosjoseferro@hotmail.com<br><br>\n\nAGUDOS<br>\nDiego Teixeira<br>\n(43) 99917-5530<br><br>\n\nBAURU<br>\nDiego Teixeira<br>\n(43) 99917-5530<br><br>\n\nBORACEIA<br>\nDiego Teixeira<br>\n(43) 99917-5530<br><br>\n\nCATANDUVA<br>\nDiego Teixeira<br>\n(43) 99917-5530<br><br>\n\nDOIS CORREGOS<br>\nDiego Teixeira<br>\n(43) 99917-5530<br><br>\n\nITAPUI<br>\nDiego Teixeira<br>\n(43) 99917-5530<br><br>\n<\/div>\n\t\t\t\t<\/div>\n\t\t\t\t\t\t\t<div class=\"elementor-toggle-item\">\n\t\t\t\t\t<div id=\"elementor-tab-title-3323\" class=\"elementor-tab-title\" data-tab=\"3\" role=\"tab\" aria-controls=\"elementor-tab-content-3323\" aria-expanded=\"false\">\n\t\t\t\t\t\t\t\t\t\t\t\t<span class=\"elementor-toggle-icon elementor-toggle-icon-left\" aria-hidden=\"true\">\n\t\t\t\t\t\t\t\t\t\t\t\t\t\t\t<span class=\"elementor-toggle-icon-closed\"><i class=\"fas fa-caret-right\"><\/i><\/span>\n\t\t\t\t\t\t\t\t<span class=\"elementor-toggle-icon-opened\"><i class=\"elementor-toggle-icon-opened fas fa-caret-up\"><\/i><\/span>\n\t\t\t\t\t\t\t\t\t\t\t\t\t<\/span>\n\t\t\t\t\t\t\t\t\t\t\t\t<a href=\"\" class=\"elementor-toggle-title\">Santa Catarina<\/a>\n\t\t\t\t\t<\/div>\n\n\t\t\t\t\t<div id=\"elementor-tab-content-3323\" class=\"elementor-tab-content elementor-clearfix\" data-tab=\"3\" role=\"tabpanel\" aria-labelledby=\"elementor-tab-title-3323\">Esmael Both<br>\n(49) 98850-3298<br><br><\/div>\n\t\t\t\t<\/div>\n\t\t\t\t\t\t\t\t<\/div>\n\t\t\t\t<\/div>\n\t\t\t\t<\/div>\n\t\t<\/div><\/div>\t\t\t\t\t<\/div>\n\t\t","protected":false},"excerpt":{"rendered":"<p>FALE COM UM REPRESENTANTE Nossa equipe de representantes est\u00e1 sempre a disposi\u00e7\u00e3o para atender sua empresa e oferecer solu\u00e7\u00f5es inovadoras para o seu neg\u00f3cio. Paran\u00e1 ARAPONGAS \/ SAB\u00c1UDIARog\u00e9rio Laguna(43) 9 9919-0084rogeriolaguna@onda.com.br NORTE E NOROESTE DO PARAN\u00c1Fernando Pauluk(43) 9 9110-7770fernando.adex@hotmail.com NORTE E NORTE VELHO DO PARAN\u00c1Leandro Reche(43) 9 9128-9899leandro-adex@hotmail.com S\u00e3o Paulo MIRASSOL Thiago Fernandes (43) 9&hellip; <a class=\"more-link\" href=\"https:\/\/www.adex.com.br\/site\/representantes\/\">Continuar lendo <span class=\"screen-reader-text\">representantes<\/span><\/a><\/p>\n","protected":false},"author":1,"featured_media":0,"parent":0,"menu_order":0,"comment_status":"closed","ping_status":"closed","template":"elementor_header_footer","meta":{"footnotes":""},"class_list":["post-240","page","type-page","status-publish","hentry","entry"],"_links":{"self":[{"href":"https:\/\/www.adex.com.br\/site\/wp-json\/wp\/v2\/pages\/240","targetHints":{"allow":["GET"]}}],"collection":[{"href":"https:\/\/www.adex.com.br\/site\/wp-json\/wp\/v2\/pages"}],"about":[{"href":"https:\/\/www.adex.com.br\/site\/wp-json\/wp\/v2\/types\/page"}],"author":[{"embeddable":true,"href":"https:\/\/www.adex.com.br\/site\/wp-json\/wp\/v2\/users\/1"}],"replies":[{"embeddable":true,"href":"https:\/\/www.adex.com.br\/site\/wp-json\/wp\/v2\/comments?post=240"}],"version-history":[{"count":61,"href":"https:\/\/www.adex.com.br\/site\/wp-json\/wp\/v2\/pages\/240\/revisions"}],"predecessor-version":[{"id":1139,"href":"https:\/\/www.adex.com.br\/site\/wp-json\/wp\/v2\/pages\/240\/revisions\/1139"}],"wp:attachment":[{"href":"https:\/\/www.adex.com.br\/site\/wp-json\/wp\/v2\/media?parent=240"}],"curies":[{"name":"wp","href":"https:\/\/api.w.org\/{rel}","templated":true}]}}