{"id":169,"date":"2022-07-22T17:44:29","date_gmt":"2022-07-22T20:44:29","guid":{"rendered":"https:\/\/www.adex.com.br\/site\/?page_id=169"},"modified":"2025-02-07T14:56:33","modified_gmt":"2025-02-07T17:56:33","slug":"politicas","status":"publish","type":"page","link":"https:\/\/www.adex.com.br\/site\/politicas\/","title":{"rendered":"politicas"},"content":{"rendered":"\t\t<div data-elementor-type=\"wp-page\" data-elementor-id=\"169\" class=\"elementor elementor-169\">\n\t\t\t\t\t\t\t<div class=\"elementor-element elementor-element-5ab29a4 e-container--column e-container\" data-id=\"5ab29a4\" data-element_type=\"container\" data-settings=\"{&quot;background_background&quot;:&quot;classic&quot;}\">\t\t<\/div><div class=\"elementor-element elementor-element-ea86491 e-container--column e-container\" data-id=\"ea86491\" data-element_type=\"container\">\t\t<div class=\"elementor-element elementor-element-5ab5e98 e-container--column e-container\" data-id=\"5ab5e98\" data-element_type=\"container\">\t\t\t\t<div class=\"elementor-element elementor-element-7f58c04 elementor-widget elementor-widget-image\" data-id=\"7f58c04\" data-element_type=\"widget\" data-widget_type=\"image.default\">\n\t\t\t\t<div class=\"elementor-widget-container\">\n\t\t\t<style>\/*! elementor - v3.7.1 - 14-08-2022 *\/\n.elementor-widget-image{text-align:center}.elementor-widget-image a{display:inline-block}.elementor-widget-image a img[src$=\".svg\"]{width:48px}.elementor-widget-image img{vertical-align:middle;display:inline-block}<\/style>\t\t\t\t\t\t\t\t\t\t\t\t\t<a href=\"https:\/\/www.adex.com.br\/site\/wp-content\/uploads\/2025\/02\/manual-do-fornecedor.pdf\" target=\"_blank\">\n\t\t\t\t\t\t\t<img loading=\"lazy\" decoding=\"async\" width=\"238\" height=\"136\" src=\"https:\/\/www.adex.com.br\/site\/wp-content\/uploads\/2023\/02\/icone-manuais.png\" class=\"attachment-large size-large\" alt=\"\" style=\"width:100%;height:57.14%;max-width:238px\" \/>\t\t\t\t\t\t\t\t<\/a>\n\t\t\t\t\t\t\t\t\t\t\t\t\t\t\t<\/div>\n\t\t\t\t<\/div>\n\t\t<\/div>\t\t<div class=\"elementor-element elementor-element-f21d081 elementor-widget elementor-widget-heading\" data-id=\"f21d081\" data-element_type=\"widget\" data-widget_type=\"heading.default\">\n\t\t\t\t<div class=\"elementor-widget-container\">\n\t\t\t<style>\/*! elementor - v3.7.1 - 14-08-2022 *\/\n.elementor-heading-title{padding:0;margin:0;line-height:1}.elementor-widget-heading .elementor-heading-title[class*=elementor-size-]>a{color:inherit;font-size:inherit;line-height:inherit}.elementor-widget-heading .elementor-heading-title.elementor-size-small{font-size:15px}.elementor-widget-heading .elementor-heading-title.elementor-size-medium{font-size:19px}.elementor-widget-heading .elementor-heading-title.elementor-size-large{font-size:29px}.elementor-widget-heading .elementor-heading-title.elementor-size-xl{font-size:39px}.elementor-widget-heading .elementor-heading-title.elementor-size-xxl{font-size:59px}<\/style><h2 class=\"elementor-heading-title elementor-size-default\">POL\u00cdTICA DE QUALIDADE<\/h2>\t\t<\/div>\n\t\t\t\t<\/div>\n\t\t\t\t<div class=\"elementor-element elementor-element-8b15ae9 elementor-widget elementor-widget-image\" data-id=\"8b15ae9\" data-element_type=\"widget\" data-widget_type=\"image.default\">\n\t\t\t\t<div class=\"elementor-widget-container\">\n\t\t\t\t\t\t\t\t\t\t\t\t\t\t\t<img loading=\"lazy\" decoding=\"async\" width=\"49\" height=\"3\" src=\"https:\/\/www.adex.com.br\/site\/wp-content\/uploads\/2022\/07\/traco-laranja.jpg\" class=\"attachment-large size-large\" alt=\"\" style=\"width:100%;height:6.12%;max-width:49px\" \/>\t\t\t\t\t\t\t\t\t\t\t\t\t\t\t<\/div>\n\t\t\t\t<\/div>\n\t\t\t\t<div class=\"elementor-element elementor-element-4638e28 elementor-widget elementor-widget-text-editor\" data-id=\"4638e28\" data-element_type=\"widget\" data-widget_type=\"text-editor.default\">\n\t\t\t\t<div class=\"elementor-widget-container\">\n\t\t\t<style>\/*! elementor - v3.7.1 - 14-08-2022 *\/\n.elementor-widget-text-editor.elementor-drop-cap-view-stacked .elementor-drop-cap{background-color:#818a91;color:#fff}.elementor-widget-text-editor.elementor-drop-cap-view-framed .elementor-drop-cap{color:#818a91;border:3px solid;background-color:transparent}.elementor-widget-text-editor:not(.elementor-drop-cap-view-default) .elementor-drop-cap{margin-top:8px}.elementor-widget-text-editor:not(.elementor-drop-cap-view-default) .elementor-drop-cap-letter{width:1em;height:1em}.elementor-widget-text-editor .elementor-drop-cap{float:left;text-align:center;line-height:1;font-size:50px}.elementor-widget-text-editor .elementor-drop-cap-letter{display:inline-block}<\/style>\t\t\t\tFazemos a diferen\u00e7a, cultivando o compromisso de produzir qualidade com melhorias cont\u00ednuas, garantindo a todos um futuro de realiza\u00e7\u00f5es e sucesso.\t\t\t\t\t\t<\/div>\n\t\t\t\t<\/div>\n\t\t<\/div><div class=\"elementor-element elementor-element-576cd73 e-container--column e-container\" data-id=\"576cd73\" data-element_type=\"container\">\t\t\t\t<div class=\"elementor-element elementor-element-9fdad1a elementor-widget elementor-widget-heading\" data-id=\"9fdad1a\" data-element_type=\"widget\" data-widget_type=\"heading.default\">\n\t\t\t\t<div class=\"elementor-widget-container\">\n\t\t\t<h2 class=\"elementor-heading-title elementor-size-default\">POL\u00cdTICA DE PROTE\u00c7\u00c3O<br> S\u00d3CIO-AMBIENTAL<\/h2>\t\t<\/div>\n\t\t\t\t<\/div>\n\t\t\t\t<div class=\"elementor-element elementor-element-fec8f55 elementor-widget elementor-widget-image\" data-id=\"fec8f55\" data-element_type=\"widget\" data-widget_type=\"image.default\">\n\t\t\t\t<div class=\"elementor-widget-container\">\n\t\t\t\t\t\t\t\t\t\t\t\t\t\t\t<img loading=\"lazy\" decoding=\"async\" width=\"49\" height=\"3\" src=\"https:\/\/www.adex.com.br\/site\/wp-content\/uploads\/2022\/07\/traco-laranja.jpg\" class=\"attachment-large size-large\" alt=\"\" style=\"width:100%;height:6.12%;max-width:49px\" \/>\t\t\t\t\t\t\t\t\t\t\t\t\t\t\t<\/div>\n\t\t\t\t<\/div>\n\t\t\t\t<div class=\"elementor-element elementor-element-9adf970 elementor-widget elementor-widget-text-editor\" data-id=\"9adf970\" data-element_type=\"widget\" data-widget_type=\"text-editor.default\">\n\t\t\t\t<div class=\"elementor-widget-container\">\n\t\t\t\t\t\t\tDesde a funda\u00e7\u00e3o da ADEX a prote\u00e7\u00e3o ambiental sempre foi essencial no nosso sistema de gest\u00e3o de res\u00edduos, as a\u00e7\u00f5es para destina\u00e7\u00e3o e separa\u00e7\u00e3o dos res\u00edduos produtivos s\u00e3o constantes. A empresa est\u00e1 cuidando ativamente na prote\u00e7\u00e3o do meio ambiente, evitando assim poluentes na natureza.<br><br>\n\nBuscando garantir a qualidade e a seguran\u00e7a de nossos produtos sem agredir ao meio ambiente e ao homem, ao manufaturar um produto com compet\u00eancia e responsabilidade a ADEX mant\u00e9m constantes cuidados, garantindo a seguran\u00e7a dos usu\u00e1rios, consumidores, animais e o meio ambiente, selecionando os res\u00edduos e repassando a um centro de tratamento espec\u00edfico, o que cada vez mais refor\u00e7a o compromisso ambiental da empresa.<br><br>\nDe acordo com as legisla\u00e7\u00f5es e visando a preven\u00e7\u00e3o de contamina\u00e7\u00e3o, far\u00e1 por promover:<br><br>\n\n\u2022 implanta\u00e7\u00e3o de programas de gerenciamento e controle;<br>\n\u2022 aumentar a conscientiza\u00e7\u00e3o de seus colaboradores.\t\t\t\t\t\t<\/div>\n\t\t\t\t<\/div>\n\t\t<\/div><div class=\"elementor-element elementor-element-c1c14ad e-container--column e-container\" data-id=\"c1c14ad\" data-element_type=\"container\">\t\t\t\t<div class=\"elementor-element elementor-element-3454865 elementor-skin-carousel elementor-arrows-yes elementor-pagination-type-bullets elementor-pagination-position-outside elementor-widget elementor-widget-media-carousel\" data-id=\"3454865\" data-element_type=\"widget\" data-settings=\"{&quot;slides_per_view&quot;:&quot;4&quot;,&quot;skin&quot;:&quot;carousel&quot;,&quot;effect&quot;:&quot;slide&quot;,&quot;show_arrows&quot;:&quot;yes&quot;,&quot;pagination&quot;:&quot;bullets&quot;,&quot;speed&quot;:500,&quot;autoplay&quot;:&quot;yes&quot;,&quot;autoplay_speed&quot;:5000,&quot;loop&quot;:&quot;yes&quot;,&quot;pause_on_hover&quot;:&quot;yes&quot;,&quot;pause_on_interaction&quot;:&quot;yes&quot;,&quot;space_between&quot;:{&quot;unit&quot;:&quot;px&quot;,&quot;size&quot;:10,&quot;sizes&quot;:[]},&quot;space_between_tablet&quot;:{&quot;unit&quot;:&quot;px&quot;,&quot;size&quot;:10,&quot;sizes&quot;:[]},&quot;space_between_mobile&quot;:{&quot;unit&quot;:&quot;px&quot;,&quot;size&quot;:10,&quot;sizes&quot;:[]}}\" data-widget_type=\"media-carousel.default\">\n\t\t\t\t<div class=\"elementor-widget-container\">\n\t\t\t<link rel=\"stylesheet\" href=\"https:\/\/www.adex.com.br\/site\/wp-content\/plugins\/elementor-pro\/assets\/css\/widget-carousel.min.css\">\t\t<div class=\"elementor-swiper\">\n\t\t\t<div class=\"elementor-main-swiper swiper-container\">\n\t\t\t\t<div class=\"swiper-wrapper\">\n\t\t\t\t\t\t\t\t\t\t\t<div class=\"swiper-slide\">\n\t\t\t\t\t\t\t\t\t<div class=\"elementor-carousel-image\" style=\"background-image: url(https:\/\/www.adex.com.br\/site\/wp-content\/uploads\/2022\/07\/adex-certificada.jpg)\">\n\n\t\t\t\n\t\t\t\t\t<\/div>\n\t\t\t\t\t\t\t\t<\/div>\n\t\t\t\t\t\t\t\t\t\t\t<div class=\"swiper-slide\">\n\t\t\t\t\t\t\t\t\t<div class=\"elementor-carousel-image\" style=\"background-image: url(https:\/\/www.adex.com.br\/site\/wp-content\/uploads\/2022\/07\/iso-9001.jpg)\">\n\n\t\t\t\n\t\t\t\t\t<\/div>\n\t\t\t\t\t\t\t\t<\/div>\n\t\t\t\t\t\t\t\t\t\t\t<div class=\"swiper-slide\">\n\t\t\t\t\t\t\t\t\t<div class=\"elementor-carousel-image\" style=\"background-image: url(https:\/\/www.adex.com.br\/site\/wp-content\/uploads\/2022\/07\/respons.jpg)\">\n\n\t\t\t\n\t\t\t\t\t<\/div>\n\t\t\t\t\t\t\t\t<\/div>\n\t\t\t\t\t\t\t\t\t\t\t<div class=\"swiper-slide\">\n\t\t\t\t\t\t\t\t\t<div class=\"elementor-carousel-image\" style=\"background-image: url(https:\/\/www.adex.com.br\/site\/wp-content\/uploads\/2022\/07\/adex2.jpg)\">\n\n\t\t\t\n\t\t\t\t\t<\/div>\n\t\t\t\t\t\t\t\t<\/div>\n\t\t\t\t\t\t\t\t\t\t\t<div class=\"swiper-slide\">\n\t\t\t\t\t\t\t\t\t<div class=\"elementor-carousel-image\" style=\"background-image: url(https:\/\/www.adex.com.br\/site\/wp-content\/uploads\/2022\/07\/brigada.jpg)\">\n\n\t\t\t\n\t\t\t\t\t<\/div>\n\t\t\t\t\t\t\t\t<\/div>\n\t\t\t\t\t\t\t\t\t\t\t<div class=\"swiper-slide\">\n\t\t\t\t\t\t\t\t\t<div class=\"elementor-carousel-image\" style=\"background-image: url(https:\/\/www.adex.com.br\/site\/wp-content\/uploads\/2022\/07\/seguranca.jpg)\">\n\n\t\t\t\n\t\t\t\t\t<\/div>\n\t\t\t\t\t\t\t\t<\/div>\n\t\t\t\t\t\t\t\t\t\t\t<div class=\"swiper-slide\">\n\t\t\t\t\t\t\t\t\t<div class=\"elementor-carousel-image\" style=\"background-image: url(https:\/\/www.adex.com.br\/site\/wp-content\/uploads\/2022\/07\/apae.jpg)\">\n\n\t\t\t\n\t\t\t\t\t<\/div>\n\t\t\t\t\t\t\t\t<\/div>\n\t\t\t\t\t\t\t\t\t<\/div>\n\t\t\t\t\t\t\t\t\t\t\t\t\t\t\t<div class=\"swiper-pagination\"><\/div>\n\t\t\t\t\t\t\t\t\t\t\t\t\t\t\t\t<div class=\"elementor-swiper-button elementor-swiper-button-prev\">\n\t\t\t\t\t\t\t<i aria-hidden=\"true\" class=\"eicon-chevron-left\"><\/i>\t\t\t\t\t\t\t<span class=\"elementor-screen-only\">Anterior<\/span>\n\t\t\t\t\t\t<\/div>\n\t\t\t\t\t\t<div class=\"elementor-swiper-button elementor-swiper-button-next\">\n\t\t\t\t\t\t\t<i aria-hidden=\"true\" class=\"eicon-chevron-right\"><\/i>\t\t\t\t\t\t\t<span class=\"elementor-screen-only\">Pr\u00f3ximo<\/span>\n\t\t\t\t\t\t<\/div>\n\t\t\t\t\t\t\t\t\t\t\t\t<\/div>\n\t\t<\/div>\n\t\t\t\t<\/div>\n\t\t\t\t<\/div>\n\t\t<\/div>\t\t\t\t\t<\/div>\n\t\t","protected":false},"excerpt":{"rendered":"<p>POL\u00cdTICA DE QUALIDADE Fazemos a diferen\u00e7a, cultivando o compromisso de produzir qualidade com melhorias cont\u00ednuas, garantindo a todos um futuro de realiza\u00e7\u00f5es e sucesso. POL\u00cdTICA DE PROTE\u00c7\u00c3O S\u00d3CIO-AMBIENTAL Desde a funda\u00e7\u00e3o da ADEX a prote\u00e7\u00e3o ambiental sempre foi essencial no nosso sistema de gest\u00e3o de res\u00edduos, as a\u00e7\u00f5es para destina\u00e7\u00e3o e separa\u00e7\u00e3o dos res\u00edduos produtivos&hellip; <a class=\"more-link\" href=\"https:\/\/www.adex.com.br\/site\/politicas\/\">Continuar lendo <span class=\"screen-reader-text\">politicas<\/span><\/a><\/p>\n","protected":false},"author":1,"featured_media":0,"parent":0,"menu_order":0,"comment_status":"closed","ping_status":"closed","template":"elementor_header_footer","meta":{"footnotes":""},"class_list":["post-169","page","type-page","status-publish","hentry","entry"],"_links":{"self":[{"href":"https:\/\/www.adex.com.br\/site\/wp-json\/wp\/v2\/pages\/169","targetHints":{"allow":["GET"]}}],"collection":[{"href":"https:\/\/www.adex.com.br\/site\/wp-json\/wp\/v2\/pages"}],"about":[{"href":"https:\/\/www.adex.com.br\/site\/wp-json\/wp\/v2\/types\/page"}],"author":[{"embeddable":true,"href":"https:\/\/www.adex.com.br\/site\/wp-json\/wp\/v2\/users\/1"}],"replies":[{"embeddable":true,"href":"https:\/\/www.adex.com.br\/site\/wp-json\/wp\/v2\/comments?post=169"}],"version-history":[{"count":34,"href":"https:\/\/www.adex.com.br\/site\/wp-json\/wp\/v2\/pages\/169\/revisions"}],"predecessor-version":[{"id":1104,"href":"https:\/\/www.adex.com.br\/site\/wp-json\/wp\/v2\/pages\/169\/revisions\/1104"}],"wp:attachment":[{"href":"https:\/\/www.adex.com.br\/site\/wp-json\/wp\/v2\/media?parent=169"}],"curies":[{"name":"wp","href":"https:\/\/api.w.org\/{rel}","templated":true}]}}